?
True
Is 1286850 a multiple of 1119?
True
Is 319 a factor of 10623094?
False
Is 288 a factor of 694003?
False
Is 337032 a multiple of 72?
True
Is 502834 a multiple of 7?
False
Is 526 a factor of 118876?
True
Is 100350 a multiple of 52?
False
Does 16 divide 76048?
True
Is 108 a factor of 22091520?
False
Is 27 a factor of 2825527?
False
Is 453856 a multiple of 27?
False
Is 18 a factor of 2357694?
True
Does 8 divide 1739966?
False
Is 705775 a multiple of 175?
True
Is 106 a factor of 380646?
True
Is 29925 a multiple of 25?
True
Does 54 divide 55802?
False
Is 22 a factor of 28312?
False
Is 11 a factor of 86683?
False
Does 36 divide 33027?
False
Is 374556 a multiple of 26?
True
Is 18 a factor of 1549062?
True
Is 686348 a multiple of 4?
True
Is 18 a factor of 410508?
True
Does 23 divide 8655?
False
Does 16 divide 10796739?
False
Does 47 divide 1010431?
False
Does 10 divide 11990?
True
Is 48745 even?
False
Is 33516 a multiple of 84?
True
Does 13 divide 4061927?
False
Does 140 divide 135240?
True
Does 52 divide 304610?
False
Does 5 divide 181215?
True
Is 617385 a multiple of 5?
True
Is 5318229 a multiple of 88?
False
Is 1116906 a multiple of 609?
True
Is 845 a factor of 18495360?
True
Does 10 divide 4873111?
False
Is 65 a factor of 1840085?
True
Does 16 divide 687744?
True
Is 222501 a multiple of 8?
False
Is 152 a factor of 2712594?
False
Is 1326 a factor of 6467296?
False
Is 303 a factor of 90851?
False
Does 7 divide 266324?
False
Is 598 a factor of 920227?
False
Does 647 divide 137811?
True
Is 16824488 a multiple of 90?
False
Does 73 divide 1034629?
True
Is 47 a factor of 388925?
True
Is 77996 a multiple of 3?
False
Is 610 a factor of 17310177?
False
Is 4 a factor of 733168?
True
Does 7 divide 56826?
True
Does 277 divide 4280524?
False
Is 284 a factor of 576236?
True
Does 3 divide 35058?
True
Is 688209 a multiple of 2?
False
Is 82606 a multiple of 8?
False
Does 10 divide 415165?
False
Does 8 divide 700149?
False
Is 59913 a multiple of 317?
True
Is 22 a factor of 4290?
True
Is 141 a factor of 336708?
True
Is 5385990 a multiple of 55?
False
Is 715194 a multiple of 11?
False
Does 149 divide 6633629?
True
Does 206 divide 171804?
True
Is 194 a factor of 11877262?
True
Is 116450 a multiple of 34?
True
Is 1551618 a multiple of 154?
False
Is 12 a factor of 2805564?
True
Does 31 divide 1861641?
False
Is 3875545 a multiple of 157?
True
Does 185 divide 1024160?
True
Does 171 divide 4865615?
False
Does 13 divide 1149122?
True
Does 803 divide 8075434?
False
Does 35 divide 169242?
False
Does 11 divide 157572?
False
Does 10 divide 776280?
True
Is 9 a factor of 6576048?
True
Does 38 divide 621034?
True
Is 74109 a multiple of 36?
False
Is 225703 a multiple of 79?
True
Does 85 divide 93585?
True
Is 218806 a multiple of 26?
False
Is 2735 a factor of 21535390?
True
Is 2801325 a multiple of 41?
True
Does 10 divide 1361250?
True
Does 12 divide 1350664?
False
Does 10 divide 2357132?
False
Is 4 a factor of 40652?
True
Is 1725680 a multiple of 88?
True
Does 6 divide 3586110?
True
Is 401 a factor of 660862?
False
Does 666 divide 1114884?
True
Is 121 a factor of 77781?
False
Does 87 divide 124754?
False
Is 2387565 a multiple of 17?
True
Is 274906 a multiple of 311?
False
Is 279 a factor of 2387682?
True
Is 185 a factor of 97865?
True
Is 1030075 a multiple of 155?
False
Is 27 a factor of 5855776?
False
Is 5921756 a multiple of 508?
True
Is 501201 a multiple of 20?
False
Is 22 a factor of 810524?
True
Is 222554 a multiple of 446?
True
Is 10 a factor of 49023?
False
Is 93869 a multiple of 25?
False
Does 20 divide 54900?
True
Is 1089502 a multiple of 37?
True
Is 90756 a multiple of 5?
False
Is 179 a factor of 1045539?
True
Does 337 divide 15412112?
False
Is 57 a factor of 40527?
True
Does 55 divide 1787335?
True
Is 1713321 a multiple of 9?
True
Is 3128849 a multiple of 897?
False
Does 40 divide 56119?
False
Is 20 a factor of 955869?
False
Is 309276 a multiple of 71?
True
Is 382 a factor of 536591?
False
Is 1097 a factor of 25704904?
True
Does 7 divide 2494005?
False
Is 13101444 a multiple of 828?
True
Is 354537 a multiple of 65?
False
Does 184 divide 865943?
False
Is 14 a factor of 1162?
True
Is 15 a factor of 4128933?
False
Is 222670 a multiple of 10?
True
Is 11493258 a multiple of 17?
True
Does 3 divide 1196320?
False
Does 30 divide 167444?
False
Is 30 a factor of 212340?
True
Is 21365 a multiple of 37?
False
Is 395 a factor of 850901?
False
Is 2223235 a multiple of 7?
True
Is 406456 a multiple of 188?
True
Is 37 a factor of 218355?
False
Does 43 divide 181202?
True
Does 167 divide 367212?
False
Is 44 a factor of 749948?
False
Does 14 divide 10018?
False
Does 82 divide 6097766?
True
Is 684 a factor of 2374771?
False
Is 161886 a multiple of 47?
False
Is 12 a factor of 2381268?
True
Is 1464 a factor of 5803737?
False
Is 6558768 a multiple of 333?
True
Does 38 divide 84359?
False
Does 88 divide 550440?
True
Is 11 a factor of 109861?
False
Is 78 a factor of 168167?
False
Is 6 a factor of 288828?
True
Is 106 a factor of 601986?
False
Does 77 divide 9266126?
False
Does 247 divide 184015?
True
Does 9 divide 3844379?
False
Does 4 divide 532188?
True
Is 2261467 a multiple of 55?
False
Is 7 a factor of 11636?
False
Is 70 a factor of 391160?
True
Is 7 a factor of 46705?
False
Is 84 a factor of 111491?
False
Does 117 divide 84411?
False
Is 260542 a multiple of 170?
False
Is 22 a factor of 266286?
False
Is 72403 a multiple of 4?
False
Does 11 divide 3331991?
False
Is 61 a factor of 4655341?
False
Is 26 a factor of 18636?
False
Is 3 a factor of 87390?
True
Is 55 a factor of 626395?
True
Is 357256 a multiple of 8?
True
Is 11512735 a multiple of 738?
False
Is 100 a factor of 105800?
True
Is 3 a factor of 35645?
False
Is 9 a factor of 277725?
False
Is 1198717 a multiple of 73?
False
Is 31986823 a multiple of 19?
True
Is 286 a factor of 518518?
True
Does 377 divide 7185659?
False
Does 161 divide 1969513?
True
Is 3905202 a multiple of 518?
True
Is 10 a factor of 819851?
False
Is 83989 a multiple of 29?
False
Is 230653 a multiple of 3?
False
Is 351296 a multiple of 11?
True
Does 116 divide 165384?
False
Is 136 a factor of 191488?
True
Is 13944 a multiple of 84?
True
Is 39445 a multiple of 73?
False
Does 14 divide 288142?
False
Is 166016 a multiple of 35?
False
Does 5 divide 98025?
True
Is 81024 a multiple of 8?
True
Does 295 divide 166759?
False
Does 8 divide 6491272?
True
Does 30 divide 179100?
True
Is 13 a factor of 339473?
False
Does 58 divide 132588?
True
Is 218 a factor of 13535934?
False
Does 214 divide 3609915?
False
Is 1622907 a multiple of 117?
True
Is 153955 a multiple of 5?
True
Is 14 a factor of 2366?
True
Does 44 divide 960960?
True
Does 200 divide 4773000?
True
Is 13946 a multiple of 19?
True
Is 485408 a multiple of 197?
True
Is 80880 a multiple of 8?
True
Does 17 divide 1059984?
True
Is 2081 a factor of 11734730?
False
Is 891920 a multiple of 20?
True
Does 261 divide 62379?
True
Is 4223260 a multiple of 549?
False
Does 587 divide 821868?
False
Does 1268 divide 757386?
False
Is 6 a factor of 2670780?
True
Is 349966 a multiple of 24?
False
Is 9446684 a multiple of 26?
True
Does 19 divide 251123?
True
Is 241655 a multiple of 65?
False
Is 12024 a multiple of 18?
True
Is 10 a factor of 513650?
True
Is 9 a factor of 243288?
True
Does 17 divide 2652663?
True
Is 158192 a multiple of 56?
False
Is 205 a factor of 114595?
True
Does 5 divide 813405?
True
Is 8 a factor of 142984?
True
Does 49 divide 559139?
True
Is 81067 a multiple of 58?
False
Does 7 divide 6715?
False
Does 6 divide 360546?
True
Is 110 a factor of 237050?
True
Is 19261578 a multiple of 119?
True
Is 10 a factor of 259320?
True
Is 8 a factor of 118394?
False
Does 11 divide 10793824?
False
Does 63 divide 1032381?
True
Is 16 a factor of 95664?
True
Is 47 a factor of 17786116?
True
Does 24 divide 1143908?
False
Does 11 divide 3722707?
False
Is 215676 a multiple of 14?
False
Is 6 a factor of 114197?
False
Does 90 divide 141773?
False
Is 11 a factor of 48339?
False
Does 1736 divide 12127696?
True
Does 348 divide 1809500?
False
Does 88 divide 26048?
True
Is 211 a factor of 4335839?
True
Is 13825 even?
False
Is 19 a factor of 350493?
True
Is 1034 a factor of 1842249?
False
Does 282 divide 303699?
False
Is 5 a factor of 1747810?
Tru